{"id":3,"date":"2025-02-19T07:13:48","date_gmt":"2025-02-19T06:13:48","guid":{"rendered":"http:\/\/c-l-u-s.fr\/?page_id=3"},"modified":"2025-03-04T10:45:16","modified_gmt":"2025-03-04T09:45:16","slug":"politique-de-confidentialite","status":"publish","type":"page","link":"https:\/\/c-l-u-s.fr\/?page_id=3","title":{"rendered":"Mentions l\u00e9gales"},"content":{"rendered":"\n<h2 class=\"wp-block-heading\">\u00c9diteur<\/h2>\n\n\n\n<p>Le site&nbsp;<a href=\"https:\/\/c-l-u-s.fr.\">https:\/\/c-l-u-s.fr<\/a>&nbsp;est \u00e9dit\u00e9 par l\u2019association Club Utilisateurs de Sebina<\/p>\n\n\n\n<p>SCD de l&rsquo;Universit\u00e9 Polytechnique Hauts-de-France<br>Campus du Mont Houy<br>59313 Valenciennes cedex 9<\/p>\n\n\n\n<p>N\u00b0 Siret CLUS : 941 072 878 00015<\/p>\n\n\n\n<hr class=\"wp-block-separator has-alpha-channel-opacity is-style-wide\"\/>\n\n\n\n<h2 class=\"wp-block-heading\">H\u00e9bergement<\/h2>\n\n\n\n<p>OVHcloud<br>59820 Gravelines, Hauts-de-France, France<br><strong>Site web<\/strong> : <a href=\"https:\/\/www.ovhcloud.com\/fr\/\">https:\/\/www.ovhcloud.com\/fr\/<\/a><\/p>\n\n\n\n<hr class=\"wp-block-separator has-alpha-channel-opacity is-style-wide\"\/>\n\n\n\n<h2 class=\"wp-block-heading\">R\u00e9daction des contenus<\/h2>\n\n\n\n<p>Pour toute remarque li\u00e9e aux contenus ou \u00e0 l\u2019utilisation du site, veuillez nous contacter :<\/p>\n\n\n\n<div class=\"wp-block-buttons is-layout-flex wp-block-buttons-is-layout-flex\">\n<div class=\"wp-block-button\"><a class=\"wp-block-button__link wp-element-button\" href=\"https:\/\/c-l-u-s.fr\/?page_id=64\">Nous contacter<\/a><\/div>\n<\/div>\n\n\n\n<hr class=\"wp-block-separator has-alpha-channel-opacity is-style-wide\"\/>\n\n\n\n<h2 class=\"wp-block-heading\">Cr\u00e9dits photos<\/h2>\n\n\n\n<p>Les cr\u00e9dits photographiques sont mentionn\u00e9s syst\u00e9matiquement dans la l\u00e9gende des visuels ou sur les pages les concernant.<\/p>\n\n\n\n<p>Sauf mention contraire, les illustrations et photographies pr\u00e9sent\u00e9es sur ce site ne sont pas libres de droit, et ne sont pas r\u00e9utilisables sans autorisation explicite de leur auteur.<\/p>\n\n\n\n<hr class=\"wp-block-separator has-alpha-channel-opacity is-style-wide\"\/>\n\n\n\n<h2 class=\"wp-block-heading\">Liens hypertextes<\/h2>\n\n\n\n<p>La mise en place de liens hypertextes par des tiers vers des pages ou des documents diffus\u00e9s sur le site, est autoris\u00e9e sous r\u00e9serve que les liens ne contreviennent pas aux int\u00e9r\u00eats de l&rsquo;association, et, qu\u2019ils garantissent la possibilit\u00e9 pour l\u2019utilisateur d\u2019identifier l\u2019origine et l\u2019auteur du document.<\/p>\n\n\n\n<hr class=\"wp-block-separator has-alpha-channel-opacity is-style-wide\"\/>\n\n\n\n<h2 class=\"wp-block-heading\">Donn\u00e9es \u00e0 caract\u00e8re personnel<\/h2>\n\n\n\n<p>Vos donn\u00e9es personnelles peuvent \u00eatre collect\u00e9es lors de la navigation sur ce site Internet. De m\u00eame, les messages \u00e9lectroniques envoy\u00e9s via le formulaire et utilis\u00e9es pour l\u2019envoi d\u2019informations compl\u00e9mentaires sont susceptibles d\u2019\u00eatre conserv\u00e9es. En application des articles 38, 39 et 40 de la loi n\u00b0 78-17 du 6 janvier 1978 relative \u00e0 l\u2019informatique, aux fichiers et aux libert\u00e9s, vous disposez, gratuitement, d\u2019un droit d\u2019acc\u00e8s, de rectification, de modification et d\u2019opposition aux donn\u00e9es qui vous concernent ou concernent les personnes d\u00e9c\u00e9d\u00e9es dont vous \u00eates les ayants-cause. Si vous souhaitez exercer ce droit vous pouvez nous contacter via le formulaire ci-dessus.<\/p>\n\n\n\n<hr class=\"wp-block-separator has-alpha-channel-opacity is-style-wide\"\/>\n\n\n\n<h2 class=\"wp-block-heading\">Cookies<\/h2>\n\n\n\n<p>L\u2019utilisateur est inform\u00e9 que lors de ses visites sur le site un cookie peut s\u2019installer automatiquement sur son logiciel de navigation. Le cookie est un bloc de donn\u00e9es qui ne permet pas d\u2019identifier les utilisateurs mais sert \u00e0 enregistrer les informations relatives \u00e0 la navigation de celui-ci sur le site. Le param\u00e9trage du logiciel de navigation permet d\u2019informer de la pr\u00e9sence de cookie et \u00e9ventuellement, de la refuser de la mani\u00e8re d\u00e9crite \u00e0 l\u2019adresse suivante :&nbsp;<a href=\"http:\/\/www.cnil.fr\/\"><strong>www.cnil.fr<\/strong><\/a>. L\u2019utilisateur dispose de l\u2019ensemble des droits susvis\u00e9s s\u2019agissant des donn\u00e9es \u00e0 caract\u00e8re personnel communiqu\u00e9es par le biais des cookies dans les conditions indiqu\u00e9es ci-dessus.<\/p>\n","protected":false},"excerpt":{"rendered":"<p>\u00c9diteur Le site&nbsp;https:\/\/c-l-u-s.fr&nbsp;est \u00e9dit\u00e9 par l\u2019association Club Utilisateurs de Sebina SCD de l&rsquo;Universit\u00e9 Polytechnique Hauts-de-FranceCampus du Mont Houy59313 Valenciennes cedex [&hellip;]<\/p>\n","protected":false},"author":1,"featured_media":0,"parent":0,"menu_order":0,"comment_status":"closed","ping_status":"open","template":"","meta":{"_uag_custom_page_level_css":"","site-sidebar-layout":"default","site-content-layout":"","ast-site-content-layout":"default","site-content-style":"default","site-sidebar-style":"default","ast-global-header-display":"","ast-banner-title-visibility":"","ast-main-header-display":"","ast-hfb-above-header-display":"","ast-hfb-below-header-display":"","ast-hfb-mobile-header-display":"","site-post-title":"","ast-breadcrumbs-content":"","ast-featured-img":"","footer-sml-layout":"","theme-transparent-header-meta":"","adv-header-id-meta":"","stick-header-meta":"","header-above-stick-meta":"","header-main-stick-meta":"","header-below-stick-meta":"","astra-migrate-meta-layouts":"default","ast-page-background-enabled":"default","ast-page-background-meta":{"desktop":{"background-color":"var(--ast-global-color-5)","background-image":"","background-repeat":"repeat","background-position":"center center","background-size":"auto","background-attachment":"scroll","background-type":"","background-media":"","overlay-type":"","overlay-color":"","overlay-opacity":"","overlay-gradient":""},"tablet":{"background-color":"","background-image":"","background-repeat":"repeat","background-position":"center center","background-size":"auto","background-attachment":"scroll","background-type":"","background-media":"","overlay-type":"","overlay-color":"","overlay-opacity":"","overlay-gradient":""},"mobile":{"background-color":"","background-image":"","background-repeat":"repeat","background-position":"center center","background-size":"auto","background-attachment":"scroll","background-type":"","background-media":"","overlay-type":"","overlay-color":"","overlay-opacity":"","overlay-gradient":""}},"ast-content-background-meta":{"desktop":{"background-color":"var(--ast-global-color-4)","background-image":"","background-repeat":"repeat","background-position":"center center","background-size":"auto","background-attachment":"scroll","background-type":"","background-media":"","overlay-type":"","overlay-color":"","overlay-opacity":"","overlay-gradient":""},"tablet":{"background-color":"var(--ast-global-color-4)","background-image":"","background-repeat":"repeat","background-position":"center center","background-size":"auto","background-attachment":"scroll","background-type":"","background-media":"","overlay-type":"","overlay-color":"","overlay-opacity":"","overlay-gradient":""},"mobile":{"background-color":"var(--ast-global-color-4)","background-image":"","background-repeat":"repeat","background-position":"center center","background-size":"auto","background-attachment":"scroll","background-type":"","background-media":"","overlay-type":"","overlay-color":"","overlay-opacity":"","overlay-gradient":""}},"_themeisle_gutenberg_block_has_review":false,"footnotes":""},"class_list":["post-3","page","type-page","status-publish","hentry"],"uagb_featured_image_src":{"full":false,"thumbnail":false,"medium":false,"medium_large":false,"large":false,"1536x1536":false,"2048x2048":false},"uagb_author_info":{"display_name":"Christopher Oustlant","author_link":"https:\/\/c-l-u-s.fr\/?author=1"},"uagb_comment_info":0,"uagb_excerpt":"\u00c9diteur Le site&nbsp;https:\/\/c-l-u-s.fr&nbsp;est \u00e9dit\u00e9 par l\u2019association Club Utilisateurs de Sebina SCD de l&rsquo;Universit\u00e9 Polytechnique Hauts-de-FranceCampus du Mont Houy59313 Valenciennes cedex [&hellip;]","jetpack_sharing_enabled":true,"_links":{"self":[{"href":"https:\/\/c-l-u-s.fr\/index.php?rest_route=\/wp\/v2\/pages\/3","targetHints":{"allow":["GET"]}}],"collection":[{"href":"https:\/\/c-l-u-s.fr\/index.php?rest_route=\/wp\/v2\/pages"}],"about":[{"href":"https:\/\/c-l-u-s.fr\/index.php?rest_route=\/wp\/v2\/types\/page"}],"author":[{"embeddable":true,"href":"https:\/\/c-l-u-s.fr\/index.php?rest_route=\/wp\/v2\/users\/1"}],"replies":[{"embeddable":true,"href":"https:\/\/c-l-u-s.fr\/index.php?rest_route=%2Fwp%2Fv2%2Fcomments&post=3"}],"version-history":[{"count":7,"href":"https:\/\/c-l-u-s.fr\/index.php?rest_route=\/wp\/v2\/pages\/3\/revisions"}],"predecessor-version":[{"id":261,"href":"https:\/\/c-l-u-s.fr\/index.php?rest_route=\/wp\/v2\/pages\/3\/revisions\/261"}],"wp:attachment":[{"href":"https:\/\/c-l-u-s.fr\/index.php?rest_route=%2Fwp%2Fv2%2Fmedia&parent=3"}],"curies":[{"name":"wp","href":"https:\/\/api.w.org\/{rel}","templated":true}]}}